17/h + 2/11. Suppose -57 = -i*a + 3*f, 3*f = -6*a + a + 119. List the prime factors of a.
2, 11
Let n be (3/(-2))/((-9)/(-156)). Let m be 20/2*n/65. Let z(h) = -2*h**3 - 6*h**2 - h - 3. List the prime factors of z(m).
3, 11
Suppose -45 - 97 = -2*w. Let f = -34 + w. What are the prime factors of f?
37
Suppose -108*o + 190 = -103*o. What are the prime factors of o?
2, 19
Suppose a - 6*f = -8*f + 406, 2048 = 5*a + f. Let r = a - 223. What are the prime factors of r?
11, 17
Let k(m) = m - 3. Let h be k(7). Suppose 5*v + h*o = 60, 77 = 4*v - o + 8. List the prime factors of 24/v*(-14)/(-3).
7
Let h(j) = 8*j + 1. Let r be h(-1). Let z(u) = 9*u + 8. Let k be z(r). Let f = -29 - k. List the prime factors of f.
2, 13
Let k(x) = 114*x**3. Suppose 4*g - 5 = -0*g - i, 0 = 2*g + 4*i - 6. List the prime factors of k(g).
2, 3, 19
Let m = 17 + -30. Let y = m + 16. List the prime factors of (y/(-4))/((-6)/288).
2, 3
Suppose 0 = -3*y + 5*y + 5*n - 886, 3*y - 4*n - 1306 = 0. List the prime factors of y.
2, 3, 73
Suppose -105*a = -106*a + 2072. Suppose 9*k - k = a. List the prime factors of k.
7, 37
Let y = -194 - -366. List the prime factors of y.
2, 43
Suppose -210 = -8*d + 182. Suppose -2*o = -4*o + 3*f + d, 26 = o - 2*f. What are the prime factors of o?
2, 5
What are the prime factors of 35880/50 + 10/25?
2, 359
Let n = 8 + -1. Let v(w) = -3*w**3 + 2*w**2 + 2 - n*w**2 + 3*w**3 + w**3 - 2*w. List the prime factors of v(6).
2, 13
What are the prime factors of 8/24 - 157/(-3)*17?
2, 5, 89
Let p(z) be the second derivative of -5*z**3/6 + z**2/2 + 2*z. Let a be p(-1). Suppose v + 25 = a*v. What are the prime factors of v?
5
Suppose -694 - 1847 = -2*o + 5*p, 2*p - 5118 = -4*o. List the prime factors of o.
2, 3, 71
Let l(b) = b + 50. Let x(h) = -h**2 + 10*h + 11. Let j be x(8). List the prime factors of l(j).
7, 11
Suppose 2*p = 6*p - 8, -2*p = -2*h + 2674. What are the prime factors of h?
13, 103
Let g(f) = -20*f. Let r(q) = -q - 1. Let t be r(1). Let s be g(t). Let u = -10 + s. List the prime factors of u.
2, 3, 5
Let q(y) = 2*y**2 - 7*y - 3. Let d(z) = -5*z**2 + 2*z**2 + 3*z - 3*z**3 + 2 + 2*z**3. Let p be d(-4). What are the prime factors of q(p)?
3
Let f be -23*1/(-2)*18. Suppose -f = -s - 30. List the prime factors of s.
3, 59
Let u(o) = o**2 - 7*o - 2. Let j = -14 - -14. Suppose j*t - 5*t - 20 = -4*s, -4*t + 26 = s. What are the prime factors of u(s)?
2, 7
Suppose 70*r - 6864 = 18*r. What are the prime factors of r?
2, 3, 11
Let n = -61 - -61. Suppose -5*z + i = -n*i - 205, 5*z - 225 = 5*i. What are the prime factors of z?
2, 5
What are the prime factors of -8 + (-11007)/(-15) - (-2)/10?
2, 3, 11
Suppose 0 = -6*k - 9*k + 12855. List the prime factors of k.
857
Suppose 4*d + m - 395 = -d, -224 = -3*d + 2*m. Let w = -119 + d. What are the prime factors of -1*(5 + -4)*w?
41
Suppose g + 9*v - 5*v - 229 = 0, 976 = 4*g + v. What are the prime factors of g?
5, 7
Let k(b) = 3 - 8*b + b**2 + 9*b + 1 - 5. Let p be k(-4). Let q = p + 0. What are the prime factors of q?
11
Suppose -3*i - 3*o = -4 - 2, 0 = -3*i - o + 10. Suppose i*t - 5*t = 0. What are the prime factors of t - (-12)/4 - 0?
3
Let g = -1 + -9. What are the prime factors of (-12 + g)/((-1)/4)?
2, 11
Let d be (-3)/2 + 35/2. Let o = d - 13. Suppose 5*h = 4*n + 41, -4*n + 39 - 8 = o*h. What are the prime factors of h?
3
What are the prime factors of (-1921)/(-4) - (-50)/(-40)?
479
Let h be 10/6 + (-9)/(-27). Let b be 80/h*(-20)/(-10). Suppose 0 = -9*r + 5*r + b. What are the prime factors of r?
2, 5
Suppose 40 = -5*w - 2*a - 12, -3*w + a = 29. Let d(n) = -9*n - 6. List the prime factors of d(w).
2, 3, 7
Let k(a) = -a + 12. Let o be k(8). Suppose -272 = -0*j - o*j. List the prime factors of j.
2, 17
Let w(d) = 2*d - 13. Let r(x) = -1. Let k(n) = -4*r(n) + w(n). Let a be k(9). Let y = a + 5. List the prime factors of y.
2, 7
Suppose -2 = -q - 2*t, -q = -4*t - t + 12. Let o = 2 + -2. What are the prime factors of 24 + o - (4 + q)?
2, 11
Suppose 0 = 3*p - 5*p - 6, 2*m = -5*p + 4057. List the prime factors of m.
2, 509
Let v = 10 + -19. Let g = 15 - v. List the prime factors of 16/g + 28/3.
2, 5
Let d = 18 + -13. Suppose -d*f + 94 + 121 = 0. Let o = f - 24. What are the prime factors of o?
19
Let y be (1 - -5)*(-32)/(-6). Let h = y + -56. Let l = -14 - h. List the prime factors of l.
2, 5
Suppose 3*j - 772 = -2*w + 1558, 5*w - 3890 = -5*j. What are the prime factors of j?
2, 3, 43
Suppose -t = 2*t - 4*s + 205, 0 = 5*t + 3*s + 390. List the prime factors of (-427)/(-3) + 25/t.
2, 71
Let w(c) = 2*c**2 + 2*c + 27. What are the prime factors of w(16)?
571
Let w be (1 + 11)/(-4)*1. What are the prime factors of (w + 5)*(-7)/(-2)?
7
Let u be (492/4)/(1*(-1 - -2)). Let t = u - -38. List the prime factors of t.
7, 23
Let o(d) = -6*d**2 + 7 - 15 + 8. Let z be o(-1). What are the prime factors of 280/(-21)*z/5?
2
List the prime factors of ((-95024)/12)/(-4) - (-14)/(-21).
1979
Suppose 5*f = 4*m - 364, 2*m = f + 260 - 84. Let p = 18 + -18. Suppose -5 = -3*g + 1, 4*l - g - m = p. List the prime factors of l.
2, 11
Let c(m) = -m**3 + 2*m**2 + 4*m. Let z be c(3). List the prime factors of 2 + 0 + z + -1.
2
Let f(k) be the third derivative of -k**7/1008 - k**6/240 + k**5/30 - 4*k**2. Let o(j) be the third derivative of f(j). What are the prime factors of o(-2)?
7
Let p(j) = j**2 - 8*j - 3. Let c be p(9). Let s(k) = -k**2 + 16*k - 10. What are the prime factors of s(c)?
2, 5
Suppose -15 = -5*q - r, 2*r - 5 = 5*q + 7*r. Suppose -q*t = -8*t + 8. What are the prime factors of t?
2
Let j be (20/(-6))/(-5) - (-966)/9. Let x = j - -42. List the prime factors of x.
2, 3, 5
Suppose -2*i - 5*o = -447, 0*i - 3*i - o + 677 = 0. What are the prime factors of i?
2, 113
Suppose -9*c = -12*c + 15. Let y be 60/(-8)*6/9. What are the prime factors of ((0 - c) + -1)*y?
2, 3, 5
Let x(q) = -q**2 + 7*q - 6. Let m be x(3). Suppose 478 = m*r - 254. List the prime factors of r.
2, 61
Let d(h) = -h**3 + 2*h**2 + h - 3. Let s be d(3). Let z = s + 11. Suppose -104 = -z*w + 3*k - 41, -w + 39 = -4*k. List the prime factors of w.
3
Let g be 4/(40/15) - 6/(-4). Suppose -2*h + g*h = 3, -d + 108 = -2*h. List the prime factors of d.
2, 3, 19
List the prime factors of (-1)/(-3)*-1 - (-18640)/30.
3, 23
Suppose -7*p = -3*p - 24. Let c(g) = 3*g. Let h be c(p). List the prime factors of h/((-3)/(-3)) + -1.
17
Let o = 2788 - 1806. What are the prime factors of o?
2, 491
Let d(b) = -b + 5. Suppose 9*x = 4*x. Let a be d(x). Suppose i - 207 + 38 = -3*n, 0 = -5*i + a. List the prime factors of n.
2, 7
Let r(m) = 6*m**2 - 25*m + 2. List the prime factors of r(10).
2, 11
Let v = 6359 + -3955. List the prime factors of v.
2, 601
Suppose 0 = -3*k + 4*b - 202 + 671, 2*k + 2*b - 336 = 0. Suppose -w - 3*w + p + k = 0, -3*w + 5*p = -118. What are the prime factors of w?
41
Let d be ((-14)/(-21))/(2/3). Let c be d*0/(-2) - 0. Suppose 3*r + c*r = -5*l + 39, 13 = r + 5*l. What are the prime factors of r?
13
Let a = 15 - -5. Let h be a + (3 - 1)*-1. Let q = 33 - h. List the prime factors of q.
3, 5
Let j = 92 + -51. Let i = 97 - j. List the prime factors of i.
2, 7
Let h(o) = -o - 2. Let u be h(-6). Suppose g - 172 = 3*v, 3*g - u*v = -0*g + 496. Suppose 4*t - g = -t - k, 2*t - 57 = k. What are the prime factors of t?
31
Let f(y) = 4 + 15 + 11*y + 2*y**2 - 2. What are the prime factors of f(-9)?
2, 5
Let x(l) = l**3 + 6*l**2 + 5*l + 9. Suppose 2*n - 30 = 7*n. Let a be x(n). Let r = 2 - a. What are the prime factors of r?
23
Let g be (1 - -2)/(4/200). Suppose -p - g = -4*p. List the prime factors of p.
2, 5
Suppose -4*s + 0*a + 200 = -4*a, -2*s + 118 = 4*a. Let n = s + -24. What are the prime factors of n?
29
Let c(l) = l**2 - 17*l - 7. What are the prime factors of c(19)?
31
Suppose -6*z + 2076 = -2328. List the prime factors of z.
2, 367
Let v be 57/21 - (-12)/42. Let w be (3/(-2) + v)*4. Suppose 4*z + 6 = w*z. List the prime factors of z.
3
Suppose -k + 36 = -3*k. Let m be (k/(-24))/((-2)/(-8)). Suppose 39 - 15 = m*d. What are the prime factors of d?
2
Let r(k) = -k**3 + 5*k**2 + 9*k - 12. Let q be r(6). Suppose 7*u - q*u = 0. Suppose 8 = 4*x - u*x - 4*z, 0 = -4*z + 20. List the prime factors of x.
7
Let k(r) = r + 13. Let w = -35 + 41. Let y be (-18)/(-12)*44/w. List the prime fa